20 and 57458400.
240
What is the greatest common factor of 2662880 and 1320?
440
Calculate the greatest common factor of 737 and 144562.
11
Calculate the greatest common factor of 203557 and 3575149.
2867
Calculate the greatest common factor of 86 and 193908457.
43
Calculate the highest common divisor of 528072704 and 2004.
668
What is the highest common factor of 134849 and 7084?
253
What is the highest common factor of 8177 and 942871?
629
What is the highest common factor of 10054 and 72412107?
457
Calculate the highest common factor of 40132 and 53828.
4
What is the greatest common factor of 4176 and 20568888?
2088
What is the greatest common divisor of 11974848 and 91744?
1504
Calculate the greatest common divisor of 63 and 2726388.
63
What is the greatest common factor of 1882 and 45635677?
941
Calculate the greatest common factor of 1448 and 46681710.
362
Calculate the highest common divisor of 2428606 and 913610.
1774
Calculate the greatest common factor of 4284 and 3523632.
84
What is the greatest common divisor of 13408032 and 17952?
1056
Calculate the highest common divisor of 24036 and 156996.
12
Calculate the highest common divisor of 20960 and 59031744.
4192
Calculate the greatest common factor of 15588004 and 4.
4
Calculate the highest common divisor of 15584 and 67456.
32
Calculate the highest common factor of 519001 and 7259.
7
What is the highest common divisor of 209415460 and 5480?
2740
What is the highest common divisor of 2986 and 13014481?
1493
What is the highest common divisor of 193876 and 54891?
19
What is the highest common divisor of 360 and 605784480?
120
What is the highest common factor of 208 and 7127696?
16
What is the highest common divisor of 84267 and 1161?
27
Calculate the highest common divisor of 1908 and 1154868.
12
Calculate the greatest common divisor of 158270 and 8306.
2
What is the greatest common divisor of 1991 and 18067239?
181
What is the greatest common factor of 3495 and 1434795?
15
Calculate the greatest common divisor of 1983338709 and 363.
363
What is the greatest common factor of 15133 and 228401?
37
What is the highest common factor of 3158455 and 24165?
895
What is the greatest common divisor of 6322 and 148894?
218
What is the greatest common factor of 387625 and 60235?
35
What is the greatest common factor of 1075788 and 207?
9
What is the greatest common divisor of 4224644 and 4?
4
What is the highest common factor of 101555 and 49780?
95
Calculate the highest common factor of 33447 and 20.
1
Calculate the highest common factor of 12 and 739028550.
6
Calculate the greatest common factor of 593834 and 188180.
194
What is the greatest common factor of 234732 and 147023?
631
What is the greatest common divisor of 22540 and 349324?
92
What is the highest common factor of 81726688 and 64?
32
What is the highest common divisor of 5179806 and 414?
18
What is the highest common divisor of 243 and 36819054?
9
What is the highest common factor of 258636 and 9674?
14
Calculate the highest common factor of 5328 and 22120191.
333
What is the greatest common factor of 9514895 and 65?
65
What is the greatest common divisor of 191077 and 785344?
1753
What is the greatest common divisor of 1897506 and 216138?
1326
What is the highest common factor of 846 and 6278058?
18
Calculate the greatest common divisor of 969 and 4758113.
323
Calculate the greatest common divisor of 130 and 297272482.
26
Calculate the highest common divisor of 2204 and 315856.
76
Calculate the greatest common divisor of 64542 and 15225666.
2082
Calculate the highest common divisor of 90225 and 1485.
45
Calculate the greatest common divisor of 868441 and 14.
7
Calculate the greatest common divisor of 12383071 and 3138.
523
What is the greatest common factor of 24330582 and 1098?
1098
Calculate the highest common divisor of 7939 and 436951.
17
What is the greatest common divisor of 8254483 and 2403?
89
Calculate the greatest common factor of 3853579 and 124.
31
What is the highest common factor of 1466527100 and 50?
50
Calculate the highest common divisor of 5564781 and 5017.
29
Calculate the highest common factor of 434101 and 1421.
29
Calculate the highest common divisor of 47916 and 3065436.
396
Calculate the greatest common divisor of 3622242 and 390.
78
What is the highest common factor of 518128 and 18236?
188
Calculate the greatest common factor of 77805 and 38727.
117
Calculate the highest common factor of 15369160 and 7136.
1784
What is the greatest common divisor of 6201119 and 436?
109
Calculate the greatest common divisor of 44332989 and 963.
321
What is the greatest common factor of 177 and 58999646?
59
Calculate the greatest common divisor of 19720 and 410584.
136
Calculate the greatest common factor of 40046 and 48.
2
What is the highest common divisor of 11769084 and 30996?
108
Calculate the greatest common divisor of 1041984 and 199794.
402
Calculate the greatest common divisor of 671747 and 534584.
3517
What is the greatest common factor of 2397653 and 12068?
431
What is the highest common factor of 41040830 and 10?
10
Calculate the greatest common factor of 265063 and 511.
73
What is the highest common divisor of 27 and 78284?
1
Calculate the highest common factor of 16643037 and 35779.
967
What is the highest common factor of 6058 and 678938?
26
Calculate the highest common divisor of 11 and 33821051.
11
What is the greatest common divisor of 17020941 and 5187?
399
What is the highest common divisor of 3938101 and 2407?
83
Calculate the greatest common divisor of 109865 and 30863.
7
Calculate the greatest common factor of 86895 and 61497.
9
Calculate the highest common divisor of 187785 and 63639.
27
What is the greatest common divisor of 10045 and 496100?
205
What is the greatest common divisor of 2844 and 13317741?
711
Calculate the greatest common divisor of 828 and 1062036.
36
What is the greatest common factor of 932682 and 49542?
2154
Calculate the highest common factor of 15336 and 90432558.
3834
Calculate the greatest common factor of 16905 and 43316245.
5635
What is the highest common divisor of 760032 and 9184?
224
What is the highest common factor of 39068228 and 22652?
3236
What is the greatest common factor of 138155377 and 2681?
383
Calculate the highest common factor of 1200 and 10148700.
300
What is the greatest common divisor of 7159 and 1549408052?
7159
What is the greatest common factor of 6143283 and 5618?
2809
Calculate the highest common divisor of 6137 and 153414892.
361
What is the highest common divisor of 9945520 and 1752?
584
Calculate the greatest common factor of 138 and 25771270.
46
Calculate the highest common factor of 66052 and 5033.
7
Calculate the highest common factor of 8830 and 106239911.
883
Calculate the greatest common divisor of 77348765 and 239.
239
Calculate the greatest common divisor of 166860 and 5825268.
3708
What is the highest common divisor of 58556538 and 18?
18
Calculate the greatest common divisor of 32 and 456420576.
32
What is the greatest common factor of 272739 and 115416?
687
Calculate the highest common factor of 476 and 39301756.
68
What is the greatest common factor of 17526006 and 4279?
389
Calculate the highest common factor of 760 and 629710616.
152
Calculate the highest common divisor of 235894 and 63516.
158
Calculate the highest common divisor of 51408 and 2076732.
756
Calculate the greatest common divisor of 5620 and 8388060.
20
Calculate the highest common factor of 45675 and 208017.
261
What is the greatest common factor of 230630 and 3170?
10
Calculate the highest common divisor of 4780 and 618054.
478
Calculate the greatest common factor of 62063 and 698540.
53
What is the highest common factor of 178275 and 197475?
75
What is the greatest common factor of 87 and 92872152?
87
What is the highest common factor of 562500 and 72000?
4500
What is the greatest common factor of 272070 and 28615718?
6046
What is the highest common divisor of 30691206 and 7735?
91
What is the highest common divisor of 340 and 1014212?
4
What is the highest common divisor of 31349 and 17656302?
1363
What is the greatest common factor of 10675563 and 757888?
5921
What is the greatest common divisor of 104835 and 1970115?
435
Calculate the highest common divisor